. Let c be (-4)/m + (-5229)/(-35). Suppose d = -5*t + 4*d + 214, -4*t = 5*d - c. List the prime factors of t.
41
Suppose 115057 = 10*s - 7*s + 5*r, 0 = 3*r + 21. What are the prime factors of s?
2, 3, 23, 139
Let j = -45 - 472. Let c = j - -566. List the prime factors of c.
7
Suppose -4*w = 4*s + 40 - 208, -5*s + 250 = -5*w. Let y = -50 + s. What are the prime factors of (y/3)/(20/(-450))?
2, 3, 5
Suppose -7*t + 2*t = -4*y + 57548, 3*y - 3*t - 43158 = 0. Suppose 0 = 32*q + 2*q - y. List the prime factors of q.
3, 47
Let a = 19738 - 6900. List the prime factors of a.
2, 7, 131
Let m(l) = -10*l + 1516 - 14*l + l + l**2 + 5*l - 9*l. List the prime factors of m(0).
2, 379
Suppose -q - 1 - 18 = -2*b, 0 = -4*b - 3*q + 13. List the prime factors of 480 - (-12 + b - -4).
13, 37
Suppose 3*v + 2*v = 5*o - 50, 4*o + 50 = -5*v. Let w(g) = 3*g**2 + 2*g + 5. Let t be w(v). Suppose -3*p = -t + 66. What are the prime factors of p?
73
Let n = -16 + 29. Let k = 12 + n. Suppose 4*a + p - 109 = 0, -a + 0*a + k = p. What are the prime factors of a?
2, 7
Suppose 4*c - 44 = -4. Let x(a) = -a**2 + 9*a - 7. Let i be x(c). Let q(g) = -10*g + 1. List the prime factors of q(i).
3, 19
Let s = 4012 + 31597. List the prime factors of s.
7, 5087
Let i = -46 - -51. Suppose 2*a - q = 3*a - 4, -i*a - 10 = -q. List the prime factors of (0 + (-12)/18)*(-22 - a).
2, 7
Let f = 0 - 97. Let l = f + 100. Suppose -2*r + 26 = -4*s, -2*r - l*r - 2*s + 125 = 0. List the prime factors of r.
23
What are the prime factors of -1 + 40194 - (-321 + 324)?
2, 5, 4019
Let y = 5 + -3. Let z be 6/21 + y/14*-2. Suppose -5*l + 292 + 33 = z. What are the prime factors of l?
5, 13
Suppose -730 = 2*w + 1064. Let r be (2/(-6))/(13/w). Suppose -r + 3 = -2*u. What are the prime factors of u?
2, 5
Let a(i) = 4*i - 16. Let n be a(8). Suppose 0 = n*y - 17*y - 375. Let r = -266 - y. What are the prime factors of r?
109
Let v be 16/8*27/2. Let k(z) = 104 - 2*z - 42 - v. What are the prime factors of k(-11)?
3, 19
Let c be (-1 - (-2)/5)/(1/(-5)). Suppose 10 + 3 = 4*f + 5*z, -c*f + 24 = -z. Suppose -3*m + f*m = 4*y - 224, y - 32 = -5*m. List the prime factors of y.
2, 13
Suppose -3*g = -2*m - 2*m + 46, 0 = 5*g + 10. Suppose -m = -2*c - 0. Suppose -c*d + 2*o + 569 = 126, -94 = -d - 5*o. List the prime factors of d.
89
Suppose -3*b = 2*b + 5*s - 45, 37 = 4*b + 3*s. Suppose -b*x - 2190 + 7010 = 0. List the prime factors of x.
2, 241
Let r be (2/1 - (-1 + 3))*3/(-6). Let y = 8 + -6. Suppose -y*c + c + 35 = r. What are the prime factors of c?
5, 7
Let u = 79 - 61. Let d(k) = k**3 - 19*k**2 + 24*k + 6. List the prime factors of d(u).
2, 3, 19
Let h(u) = 45*u - 49*u - 47 + 188. List the prime factors of h(33).
3
What are the prime factors of -3*(-5)/(-90) - -115*8744/48?
3, 6983
Suppose 0 = 5*s + 3*j - 6440, -47*s = -51*s - 3*j + 5155. What are the prime factors of s?
5, 257
Suppose -67 = 3*j + 2*u - 10, -5*u = -4*j - 76. Let h(x) = -27*x - 277. List the prime factors of h(j).
2, 59
Suppose 19 = 4*j + 3. Let l = -29323 + 29323. Suppose -757 = -5*b - 0*s - 2*s, -j*b + 5*s + 632 = l. What are the prime factors of b?
3, 17
Let x = 4577 - 3029. What are the prime factors of x?
2, 3, 43
Suppose -7103 = -121*q + 119*q + 55195. What are the prime factors of q?
3, 3461
Let n(z) = -z**3 + 31*z**2 - 3*z + 15. What are the prime factors of n(-8)?
3, 5, 13
Let l = 173 + -35. Let h = 224 - l. Let t = 159 - h. What are the prime factors of t?
73
Let d(v) = -96*v**3 - 2*v**2 + 3*v - 2. Let u be d(1). Let b = 126 + u. List the prime factors of (b - 31) + (27 - 0).
5
Suppose -2*k + 4916 + 18503 + 2587 = 0. What are the prime factors of k?
13003
Let l(a) = 1616*a - 3207*a + 1615*a + 17 + 6*a**2. List the prime factors of l(8).
593
Suppose -4*o - 648 + 2940 = -4*t, -573 = -o + 3*t. Let g = 1108 - o. What are the prime factors of g?
5, 107
Let x(h) = -19172*h - 1223. List the prime factors of x(-1).
3, 31, 193
Let o be (-6)/(-4)*192/(-72). List the prime factors of (-3983)/(-7) + 2 + 2 + o.
569
Let w be 9/(-3) - (-24)/4. Suppose w*y = 5*j + 396, -2*j = 5*y - 4*j - 679. What are the prime factors of y?
137
Let f(y) = 216*y**2 + 26*y - 165. What are the prime factors of f(6)?
3, 863
Let k = -370 - -383. Suppose k*j - 2310 = 8*j. List the prime factors of j.
2, 3, 7, 11
Let p(b) = 2*b**3 - 8*b**2 + 8*b + 10. Suppose 0*f + 5*f = -5*u - 15, -f - 3 = 0. Suppose -h - 3*w = -17, 0 = 2*w - u*w - 8. What are the prime factors of p(h)?
2, 5
Let w be 93/6 + 1/(-2). Suppose 3*t = 4*t + 3*d - 13, -t + w = 4*d. Let v(m) = m**2 - 5*m + 12. What are the prime factors of v(t)?
2, 13
List the prime factors of 46/(-69) + 5 + 23948/12.
2, 5
Suppose 5 + 15 = 4*g. Suppose 1345 = g*t - 5*d, -559 = -3*t + 5*d + 248. List the prime factors of t.
269
Suppose u = 0, -3*g + 200 = 2*g - 2*u. Let k = g + 301. Suppose 3*q = 6*q - 3*b - 267, -4*q + k = -b. List the prime factors of q.
2, 3, 7
Let g be (-84)/28*(-3982)/3. Suppose -55*r + g = -44*r. List the prime factors of r.
2, 181
Suppose h - 170 = -6*n + 10846, 3*n + 44064 = 4*h. What are the prime factors of h?
2, 3, 17
Suppose 0 = 2*o + 14 + 46. Let p be ((-1)/6 - (-31)/o)*5. List the prime factors of ((-976)/(-6))/((-4)/p).
2, 61
Let d(m) = 11*m + 9. Let y be d(-7). Let c = y - 12. Let i = 150 + c. List the prime factors of i.
2, 5, 7
Suppose -22*p = 12*p - 25534. What are the prime factors of p?
751
Suppose 0 = -4*x + 9*x - 145. Let c = x - 21. What are the prime factors of (c/20)/(5/75)?
2, 3
Let f = 77389 - 53338. What are the prime factors of f?
3, 8017
Suppose 11*a - 12 - 32 = 0. Suppose -y + a*d = -229, -d = 4*d. What are the prime factors of y?
229
Suppose -u - 4*s - 592 = 0, 3*s - 98 = -2*u - 1282. Let d = u - -1575. What are the prime factors of d?
983
Suppose 5*y = 2*b - 12, -4 = -5*y + 6. Suppose -4*c + 31 = b. Let z(h) = 20*h - 12. List the prime factors of z(c).
2, 11
Let j(v) = 5*v**2 + 49*v - 33. Let g be j(-16). Let u = g - -648. List the prime factors of u.
11, 101
Let s(q) = 13*q**2 + 11*q - 27. Let u(d) = -2*d**2 - 19*d - 31. Let a be u(-7). List the prime factors of s(a).
3, 5
Suppose -z + 3*w - 48029 = 0, -z + 16436 - 64441 = 5*w. List the prime factors of z/(-45) - 2/18.
11, 97
Suppose 19 = 3*p - 0*c - c, -3*c = -3*p + 21. Suppose -p*r + 659 = 131. Let m = r - -9. What are the prime factors of m?
97
Let s(j) = 45*j**2 - 2*j + 10. Let c = -232 + 235. What are the prime factors of s(c)?
409
Let g(j) = 4*j**2 + 117*j - 38. What are the prime factors of g(19)?
19, 191
Let t(m) = -m**3 - 4*m**2 + 14*m - 8. Suppose 6*w + 220 = -16*w. List the prime factors of t(w).
2, 113
Suppose 5*m + 0*m = -25. Let t = -6 - m. List the prime factors of (28/(-3) + t)/((-13)/78).
2, 31
Let f = 118 + 338. Let s = -522 - -668. Let x = f - s. What are the prime factors of x?
2, 5, 31
Let n(c) = 38*c**2 - 21*c - 73. Let x(b) = -b**2 - 6*b + 3. Let d be x(-7). List the prime factors of n(d).
619
Let m be 10*((-6)/(-4))/((-105)/28). Let x(c) = -c**2 - 6*c - 5. Let a be x(m). Suppose 170 = a*z - 103. List the prime factors of z.
7, 13
Suppose t + 4 = 0, 458*x + 2*t + 590 = 459*x. What are the prime factors of x?
2, 3, 97
Let r(j) = -143*j + 23. Let t be r(-13). Suppose 435 = -4*q - 3325. What are the prime factors of (2/5)/(-2 - t/q)?
2, 47
Let a = 10061 + -4307. List the prime factors of a.
2, 3, 7, 137
Suppose 0 = -4*f + 3*f - 47. Let n = -42 - f. Suppose -10 = -0*z - 2*z - 2*d, -n*z = 2*d - 40. What are the prime factors of z?
2, 5
Let f(y) = 2*y**3 - 5*y**2 - y - 4. Let k be f(4). Let n = k - 49. Let z(i) = -i**3 - 11*i**2 - 19*i + 12. What are the prime factors of z(n)?
3, 7
Suppose -3*t = 5*f - 1178, 0 = -2*t + 2*f - 5*f + 784. Suppose 2*o = 376 + t. List the prime factors of o.
3, 127
List the prime factors of 36825 + ((-1850)/(-481) - 2/(-13)) + -2.
7, 5261
Suppose y = -5*m - 1696, -4*m - y - 1857 = -500. What are the prime factors of (m - 10)/((-3)/(9/3))?
349
Let t be (4 - 2) + -2 - 0. Suppose 7*k + 325 - 1144 = t. Let s = k - 46. List the prime factors of s.
71
Let y(t) = -3*t**2 + 3*t + 19. Let g(c) = -7*c**2 + 6*c + 38. Let w(b) = 2*g(b) - 5*y(b). Let h be w(-4). What are the prime factors of 88/1 + h + -4?
3, 31
Let v be -5 - (5/(-15))/(4/60). Suppose p - 47 - 16 = v. List the prime factors of p.
3, 7
Supp